
30
What is the remainder when 40546 is divided by 128?
98
Calculate the remainder when 19295 is divided by 38.
29
Calculate the remainder when 341353 is divided by 218.
183
What is the remainder when 15883 is divided by 318?
301
Calculate the remainder when 308077 is divided by 10.
7
What is the remainder when 10766 is divided by 19?
12
What is the remainder when 8145 is divided by 405?
45
What is the remainder when 3567 is divided by 75?
42
Calculate the remainder when 3386 is divided by 213.
191
Calculate the remainder when 716635 is divided by 80.
75
Calculate the remainder when 412272 is divided by 1462.
1450
Calculate the remainder when 4516061 is divided by 2017.
2015
Calculate the remainder when 503988 is divided by 200.
188
Calculate the remainder when 3457 is divided by 3449.
8
What is the remainder when 239609 is divided by 162?
11
What is the remainder when 7240 is divided by 34?
32
Calculate the remainder when 22580 is divided by 14.
12
Calculate the remainder when 10039 is divided by 1094.
193
Calculate the remainder when 17956 is divided by 326.
26
Calculate the remainder when 70141 is divided by 92.
37
What is the remainder when 11658 is divided by 3709?
531
Calculate the remainder when 2333 is divided by 468.
461
Calculate the remainder when 542564 is divided by 322.
316
What is the remainder when 4953 is divided by 728?
585
Calculate the remainder when 185292 is divided by 592.
588
What is the remainder when 100688 is divided by 20134?
18
What is the remainder when 7766333 is divided by 16?
13
Calculate the remainder when 621 is divided by 432.
189
Calculate the remainder when 2047 is divided by 50.
47
What is the remainder when 3290 is divided by 1587?
116
What is the remainder when 7094 is divided by 340?
294
What is the remainder when 754 is divided by 43?
23
What is the remainder when 14922 is divided by 1009?
796
Calculate the remainder when 5592621 is divided by 1739.
1736
What is the remainder when 306 is divided by 219?
87
What is the remainder when 17432 is divided by 871?
12
Calculate the remainder when 6870 is divided by 624.
6
What is the remainder when 102156 is divided by 138?
36
What is the remainder when 5212 is divided by 18?
10
What is the remainder when 43219 is divided by 91?
85
Calculate the remainder when 7778 is divided by 7622.
156
What is the remainder when 4592442 is divided by 429?
426
What is the remainder when 115254 is divided by 8?
6
Calculate the remainder when 20795 is divided by 675.
545
Calculate the remainder when 976 is divided by 162.
4
What is the remainder when 42640 is divided by 309?
307
Calculate the remainder when 159120 is divided by 93.
90
What is the remainder when 27848 is divided by 221?
2
Calculate the remainder when 81533 is divided by 21.
11
What is the remainder when 11433 is divided by 16?
9
Calculate the remainder when 180 is divided by 83.
14
Calculate the remainder when 3169 is divided by 3134.
35
Calculate the remainder when 99357 is divided by 125.
107
Calculate the remainder when 25390 is divided by 26.
14
Calculate the remainder when 1988232 is divided by 38.
34
What is the remainder when 158807 is divided by 39700?
7
What is the remainder when 4544 is divided by 35?
29
Calculate the remainder when 1839 is divided by 818.
203
What is the remainder when 11985 is divided by 3995?
0
What is the remainder when 160435 is divided by 1326?
1315
Calculate the remainder when 448242 is divided by 983.
977
What is the remainder when 2578 is divided by 228?
70
Calculate the remainder when 4225 is divided by 76.
45
Calculate the remainder when 4939 is divided by 95.
94
Calculate the remainder when 12043 is divided by 2406.
13
Calculate the remainder when 60211 is divided by 39.
34
Calculate the remainder when 111666 is divided by 10150.
16
Calculate the remainder when 7482 is divided by 312.
306
Calculate the remainder when 59592 is divided by 19835.
87
What is the remainder when 71678 is divided by 122?
64
Calculate the remainder when 16050 is divided by 1615.
1515
Calculate the remainder when 5944 is divided by 469.
316
What is the remainder when 1781 is divided by 39?
26
What is the remainder when 6109 is divided by 3052?
5
What is the remainder when 586575 is divided by 1001?
990
What is the remainder when 1114061 is divided by 392?
389
What is the remainder when 996981 is divided by 582?
15
Calculate the remainder when 3092 is divided by 228.
128
What is the remainder when 3023 is divided by 336?
335
Calculate the remainder when 115 is divided by 50.
15
What is the remainder when 2306 is divided by 100?
6
What is the remainder when 10550 is divided by 124?
10
What is the remainder when 129411 is divided by 2?
1
What is the remainder when 38469 is divided by 44?
13
What is the remainder when 1098 is divided by 23?
17
Calculate the remainder when 1821442 is divided by 27.
22
What is the remainder when 31930 is divided by 3190?
30
What is the remainder when 20203 is divided by 938?
505
What is the remainder when 902 is divided by 165?
77
Calculate the remainder when 2693 is divided by 1183.
327
Calculate the remainder when 13441 is divided by 232.
217
What is the remainder when 181420 is divided by 26?
18
What is the remainder when 6096 is divided by 5885?
211
What is the remainder when 101868 is divided by 120?
108
What is the remainder when 36639 is divided by 475?
64
What is the remainder when 152451 is divided by 50813?
12
Calculate the remainder when 690054 is divided by 395.
384
What is the remainder when 75276 is divided by 18818?
4
Calculate the remainder when 10948 is divided by 171.
4
What is the remainder when 9192 is divided by 118?
106
What is the remainder when 11443 is divided by 27?
22
What is the remainder when 14142 is divided by 3752?
2886
Calculate the remainder when 1102 is divided by 534.
34
Calculate the remainder when 35006 is divided by 21.
20
What is the remainder when 762361 is divided by 63?
61
What is the remainder when 73325 is divided by 1357?
47
Calculate the remainder when 20951 is divided by 1584.
359
What is the remainder when 3044 is divided by 304?
4
What is the remainder when 147600 is divided by 73793?
14
Calculate the remainder when 3210 is divided by 297.
240
What is the remainder when 65813 is divided by 103?
99
What is the remainder when 2802 is divided by 180?
102
Calculate the remainder when 43294 is divided by 89.
40
Calculate the remainder when 34576 is divided by 95.
91
What is the remainder when 60976 is divided by 7621?
8
Calculate the remainder when 2074 is divided by 189.
184
Calculate the remainder when 18256 is divided by 28.
0
What is the remainder when 4166 is divided by 2082?
2
Calculate the remainder when 1922556 is divided by 128.
124
What is the remainder when 6221 is divided by 240?
221
What is the remainder when 10318 is divided by 775?
243
Calculate the remainder when 19399 is divided by 6454.
37
What is the remainder when 9824 is divided by 1714?
1254
What is the remainder when 15999 is divided by 7991?
17
Calculate the remainder when 1256139 is divided by 6.
3
What is the remainder when 1317 is divided by 401?
114
What is the remainder when 21529 is divided by 3070?
39
What is the remainder when 3079 is divided by 463?
301
What is the remainder when 77272 is divided by 56?
48
What is the remainder when 1443 is divided by 633?
177
Calculate the remainder when 9204 is divided by 9125.
79
What is the remainder when 27489 is divided by 4577?
27
What is the remainder when 7300 is divided by 255?
160
Calculate the remainder when 12726 is divided by 6348.
30
What is the remainder when 8968 is divided by 33?
25
Calculate the remainder when 32858 is divided by 55.
23
Calculate the remainder when 2055 is divided by 1005.
45
Calculate the remainder when 8661 is divided by 4323.
15
What is the remainder when 5475 is divided by 134?
115
What is the remainder when 1229 is divided by 269?
153
Calculate the remainder when 33235 is divided by 1846.
7
Calculate the remainder when 8903 is divided by 371.
370
Calculate the remainder when 1115 is divided by 198.
125
Calculate the remainder when 51150 is divided by 196.
190
Calculate the remainder when 1061 is divided by 19.
16
What is the remainder when 1734 is divided by 378?
2